 in base 8?
-11
Convert -3 (base 9) to base 15.
-3
What is 2 (base 4) in base 9?
2
81 (base 13) to base 10
105
Convert -6c (base 15) to base 9.
-123
10 (base 11) to base 8
13
What is 221 (base 8) in base 9?
171
Convert -2002 (base 3) to base 16.
-38
-22 (base 10) to base 8
-26
What is -440 (base 5) in base 6?
-320
What is 210 (base 6) in base 15?
53
4 (base 14) to base 4
10
What is c9 (base 13) in base 4?
2211
What is -1 (base 6) in base 14?
-1
What is 1 (base 2) in base 3?
1
What is -9 (base 16) in base 6?
-13
What is -247 (base 10) in base 12?
-187
-20 (base 5) to base 4
-22
What is 131 (base 6) in base 9?
61
Convert 41 (base 10) to base 4.
221
What is 7 (base 8) in base 6?
11
What is -2 (base 4) in base 6?
-2
-10111001 (base 2) to base 13
-113
3 (base 11) to base 8
3
Convert -3 (base 10) to base 8.
-3
13 (base 9) to base 11
11
Convert -2213 (base 5) to base 8.
-464
Convert 0 (base 5) to base 9.
0
2 (base 15) to base 2
10
0 (base 5) to base 8
0
-30 (base 9) to base 8
-33
26 (base 8) to base 6
34
1131 (base 5) to base 13
ca
What is d (base 14) in base 12?
11
Convert 6 (base 14) to base 15.
6
Convert 6 (base 13) to base 16.
6
6 (base 9) to base 11
6
-20 (base 4) to base 13
-8
Convert 4 (base 13) to base 7.
4
0 (base 10) to base 8
0
What is -11 (base 2) in base 10?
-3
What is 71 (base 9) in base 16?
40
Convert -10 (base 9) to base 14.
-9
Convert 12 (base 6) to base 11.
8
What is -3 (base 6) in base 9?
-3
What is 7 (base 8) in base 6?
11
10 (base 6) to base 7
6
-5a (base 11) to base 14
-49
What is -1212 (base 3) in base 16?
-32
16 (base 12) to base 4
102
What is 1121 (base 3) in base 8?
53
Convert -51 (base 9) to base 4.
-232
3 (base 4) to base 6
3
-1 (base 11) to base 7
-1
-6 (base 13) to base 9
-6
Convert 2 (base 3) to base 13.
2
What is 8a (base 14) in base 6?
322
-2 (base 8) to base 10
-2
22 (base 8) to base 15
13
1 (base 5) to base 2
1
What is -5 (base 13) in base 16?
-5
Convert -14 (base 8) to base 5.
-22
-41 (base 7) to base 5
-104
Convert 2 (base 4) to base 2.
10
-2 (base 14) to base 6
-2
-aa (base 15) to base 9
-187
What is 3 (base 14) in base 2?
11
What is -2 (base 13) in base 8?
-2
-212 (base 7) to base 14
-79
-38 (base 11) to base 7
-56
Convert 2 (base 16) to base 13.
2
Convert 12 (base 8) to base 12.
a
7 (base 8) to base 13
7
3 (base 6) to base 9
3
Convert 76 (base 13) to base 11.
89
-cb (base 16) to base 14
-107
What is 2 (base 10) in base 5?
2
What is -68 (base 12) in base 7?
-143
1000 (base 2) to base 12
8
-4 (base 15) to base 4
-10
What is 10 (base 6) in base 15?
6
Convert 4 (base 8) to base 12.
4
What is -1 (base 14) in base 4?
-1
Convert 11 (base 4) to base 16.
5
Convert -11 (base 2) to base 14.
-3
What is -1 (base 8) in base 6?
-1
What is b (base 13) in base 14?
b
What is 11 (base 7) in base 6?
12
What is 11 (base 11) in base 2?
1100
2 (base 4) to base 15
2
-3330 (base 4) to base 7
-510
-23 (base 11) to base 12
-21
What is ac (base 15) in base 16?
a2
What is 80 (base 14) in base 11?
a2
Convert -83 (base 14) to base 5.
-430
-241 (base 8) to base 16
-a1
What is -3 (base 5) in base 2?
-11
Convert -12 (base 5) to base 2.
-111
Convert -5a (base 13) to base 10.
-75
Convert 2b (base 14) to base 5.
124
What is 100 (base 2) in base 14?
4
Convert 11000110 (base 2) to base 8.
306
Convert 1110010 (base 2) to base 8.
162
Convert -1 (base 12) to base 16.
-1
Convert 150 (base 9) to base 16.
7e
Convert 39 (base 13) to base 7.
66
What is -12b (base 13) in base 2?
-11001110
-20 (base 3) to base 8
-6
-125 (base 7) to base 8
-104
Convert -18 (base 12) to base 3.
-202
What is -3 (base 7) in base 11?
-3
131 (base 8) to base 5
324
-5 (base 7) to base 6
-5
Convert -31 (base 14) to base 11.
-3a
What is -10001 (base 2) in base 5?
-32
Convert 0 (base 14) to base 7.
0
Convert 7 (base 13) to base 3.
21
What is -150 (base 6) in base 7?
-123
What is -177 (base 8) in base 9?
-151
-d (base 16) to base 13
-10
Convert 1233 (base 5) to base 7.
364
Convert -4 (base 11) to base 13.
-4
3 (base 16) to base 13
3
Convert 23 (base 7) to base 10.
17
-115 (base 14) to base 6
-555
Convert 1c (base 13) to base 11.
23
Convert 30 (base 15) to base 6.
113
Convert -2 (base 14) to base 11.
-2
1 (base 5) to base 15
1
14 (base 9) to base 15
d
What is 213 (base 4) in base 12?
33
68 (base 10) to base 16
44
What is -5 (base 8) in base 10?
-5
-230 (base 5) to base 8
-101
Convert 3 (base 12) to base 2.
11
100 (base 2) to base 6
4
6 (base 15) to base 14
6
Convert 3 (base 9) to base 15.
3
-4 (base 13) to base 11
-4
1d (base 14) to base 5
102
Convert 5 (base 8) to base 2.
101
Convert 56 (base 7) to base 15.
2b
-183 (base 11) to base 14
-112
Convert 11 (base 3) to base 16.
4
What is 1 (base 4) in base 14?
1
8 (base 11) to base 10
8
Convert -2 (base 16) to base 9.
-2
-38 (base 16) to base 4
-320
2 (base 13) to base 11
2
Convert -13 (base 13) to base 8.
-20
111 (base 12) to base 11
133
Convert 3 (base 14) to base 6.
3
Convert 78 (base 13) to base 6.
243
What is 0 (base 12) in base 13?
0
Convert -2 (base 16) to base 13.
-2
What is 8 (base 12) in base 9?
8
11010001 (base 2) to base 11
180
-1 (base 16) to base 12
-1
What is 101 (base 5) in base 7?
35
Convert 525 (base 7) to base 8.
410
Convert 22 (base 3) to base 15.
8
33 (base 10) to base 3
1020
0 (base 5) to base 3
0
What is 1111111 (base 2) in base 5?
1002
What is 184 (base 10) in base 14?
d2
What is 10 (base 9) in base 15?
9
Convert 1 (base 14) to base 11.
1
What is -220 (base 13) in base 7?
-1030
1 (base 12) to base 9
1
What is -51 (base 8) in base 7?
-56
Convert 17 (base 8) to base 14.
11
What is 4 (base 8) in base 11?
4
Convert -11100000 (base 2) to base 7.
-440
32 (base 5) to base 15
12
What is -3 (base 10) in base 6?
-3
Convert 1 (base 3) to base 14.
1
Convert -3 (base 11) to base 4.
-3
Convert -2 (base 9) to base 14.
-2
-11 (base 3) to base 2
-100
1 (base 15) to base 10
1
20 (base 15) to base 2
11110
-19 (base 14) to base 13
-1a
-233 (base 5) to base 11
-62
What is -11010 (base 2) in base 5?
-101
-166 (base 9) to base 13
-ab
What is 6a (base 15) in base 6?
244
244 (base 9) to base 15
d7
e (base 15) to base 3
112
Convert -79 (base 13) to base 7.
-202
Convert 222 (base 3) to base 11.
24
Convert -2 (base 13) to base 12.
-2
Convert -2103 (base 4) to base 13.
-b4
-3 (base 14) to base 9
-3
Convert 2 (base 8) to base 13.
2
Convert -301 (base 6) to base 13.
-85
What is -8 (base 16) in base 7?
-11
What is -3 (base 5) in base 4?
-3
What is -222 (base 4) in base 9?
-46
What is be (base 16) in base 3?
21001
Convert -3 (base 4) to base 7.
-3
Convert 2 (base 15) to base 3.
2
What is -105 (base 16) in base 3?
-100200
Convert -61 (base 7) to base 6.
-111
What is 20 (base 8) in base 15?
11
What is -3 (base 14) in base 2?
-11
1 (base 14) to base 15
1
-4 (base 8) to base 3
-11
-2 (base 7) to base 3
-2
Convert 1 (base 6) to base 3.
1
Convert -10 (base 9) to base 7.
-12
What is 10 (base 2) in base 14?
2
What is -123 (base 10) in base 3?
-11120
Convert a (base 15) to base 7.
13
Convert -42 (base 16) to base 3.
-2110
11122 (base 3) to base 12
a5
What is -9 (base 15) in base 12?
-9
Convert 2 (base 8) to base 16.
2
28 (base 9) to base 8
32
What is -1 (base 7) in base 3?
-1
57 (base 8) to base 4
233
2 (base 16) to base 6
2
Convert 2 (base 16) to base 5.
2
10 (base 9) to base 2
1001
What is -10 (base 4) in base 15?
-4
What is 67 (base 12) in base 7?
142
What is 6 (base 8) in base 10?
6
What is 2 (base 9) in base 8?
2
Convert 100001 (base 2) to base 16.
21
Convert -a6 (base 11) to base 10.
-116
What is 44 (base 8) in base 10?
36
143 (base 7) to base 13
62
-4b (base 13) to base 12
-53
Convert 0 (base 7) to base 10.
0
-111110 (base 2) to base 10
-62
-1b3 (base 12) to base 11
-234
-25 (base 7) to base 11
-18
What is 23 (base 11) in base 14?
1b
-8 (base 12) to base 6
-12
Convert 35 (base 15) to base 5.
200
-10 (base 4) to base 3
-11
-34 (base 5) to base 6
-31
Convert 1 (base 8) to base 2.
1
Convert 78 (base 15) to base 4.
1301
-120 (base 4) to base 13
-1b
-1010 (base 6) to base 16
-de
What is 2a (base 11) in base 15?
22
Convert -6 (base 11) to base 2.
-110
What is -1 (base 13) in base 2?
-1
Convert 4 (base 9) to base 13.
4
4 (base 10) to base 2
100
Convert -2a (base 14) to base 7.
-53
What is -1 (base 15) in base 5?
-1
Convert -30 (base 12) to base 13.
-2a
-2